{"id":7,"date":"2026-04-03T16:04:28","date_gmt":"2026-04-03T16:04:28","guid":{"rendered":"https:\/\/wivi.wiki\/?page_id=7"},"modified":"2026-04-03T16:04:55","modified_gmt":"2026-04-03T16:04:55","slug":"7-2","status":"publish","type":"page","link":"https:\/\/wivi.wiki\/","title":{"rendered":"Trang ch\u1ee7"},"content":{"rendered":"\n<div class=\"row\"  id=\"row-509169843\">\n\n\n\t<div id=\"col-571482800\" class=\"col small-12 large-12\"  >\n\t\t\t\t<div class=\"col-inner\"  >\n\t\t\t\n\t\t\t\n\n<h1 style=\"text-align: center;\">CM88 C\u00f3 G\u00ec \u0110\u00e1ng Ch\u00fa \u00dd?<\/h1>\n<p style=\"text-align: left;\">CM88 mang \u0111\u1ebfn tr\u1ea3i nghi\u1ec7m gi\u1ea3i tr\u00ed tr\u1ef1c tuy\u1ebfn v\u1edbi s\u1ef1 t\u1eadp trung v\u00e0o t\u00ednh \u1ed5n \u0111\u1ecbnh v\u00e0 d\u1ec5 s\u1eed d\u1ee5ng. Giao di\u1ec7n \u0111\u01b0\u1ee3c t\u1ed1i \u01b0u gi\u00fap ng\u01b0\u1eddi d\u00f9ng d\u1ec5 d\u00e0ng truy c\u1eadp v\u00e0 l\u1ef1a ch\u1ecdn n\u1ed9i dung ph\u00f9 h\u1ee3p.<\/p>\n<p style=\"text-align: left;\">Ngo\u00e0i ra, h\u1ec7 th\u1ed1ng c\u00f2n ch\u00fa tr\u1ecdng \u0111\u1ebfn t\u1ed1c \u0111\u1ed9 x\u1eed l\u00fd v\u00e0 kh\u1ea3 n\u0103ng t\u01b0\u01a1ng th\u00edch tr\u00ean nhi\u1ec1u thi\u1ebft b\u1ecb, gi\u00fap qu\u00e1 tr\u00ecnh s\u1eed d\u1ee5ng di\u1ec5n ra m\u01b0\u1ee3t m\u00e0 h\u01a1n. \u0110\u00e2y c\u0169ng l\u00e0 l\u00fd do n\u1ec1n t\u1ea3ng ng\u00e0y c\u00e0ng \u0111\u01b0\u1ee3c nhi\u1ec1u ng\u01b0\u1eddi quan t\u00e2m.<\/p>\n\n\t\t<\/div>\n\t\t\t\t\t<\/div>\n\n\t\n\n<\/div>\n\n","protected":false},"excerpt":{"rendered":"","protected":false},"author":1,"featured_media":0,"parent":0,"menu_order":0,"comment_status":"closed","ping_status":"closed","template":"","meta":{"footnotes":""},"class_list":["post-7","page","type-page","status-publish","hentry"],"_links":{"self":[{"href":"https:\/\/wivi.wiki\/index.php\/wp-json\/wp\/v2\/pages\/7","targetHints":{"allow":["GET"]}}],"collection":[{"href":"https:\/\/wivi.wiki\/index.php\/wp-json\/wp\/v2\/pages"}],"about":[{"href":"https:\/\/wivi.wiki\/index.php\/wp-json\/wp\/v2\/types\/page"}],"author":[{"embeddable":true,"href":"https:\/\/wivi.wiki\/index.php\/wp-json\/wp\/v2\/users\/1"}],"replies":[{"embeddable":true,"href":"https:\/\/wivi.wiki\/index.php\/wp-json\/wp\/v2\/comments?post=7"}],"version-history":[{"count":3,"href":"https:\/\/wivi.wiki\/index.php\/wp-json\/wp\/v2\/pages\/7\/revisions"}],"predecessor-version":[{"id":11,"href":"https:\/\/wivi.wiki\/index.php\/wp-json\/wp\/v2\/pages\/7\/revisions\/11"}],"wp:attachment":[{"href":"https:\/\/wivi.wiki\/index.php\/wp-json\/wp\/v2\/media?parent=7"}],"curies":[{"name":"wp","href":"https:\/\/api.w.org\/{rel}","templated":true}]}}